t d(n) = -7*n**2 - 1. Let o be d(-2). Let g(i) = -2*i**3 + 99*i**2 + 56*i - 160. Let v be g(50). Let a = v + o. What is the tens digit of a?
1
Suppose -22 + 14 = m. Let h be (-6)/4*m/18*3. What is the units digit of (122/6)/(h/6)?
1
Suppose 5*w = -4*v + 5964, 7*v - 10*v + w + 4454 = 0. Suppose -5*u - v = -76. Let c = u - -532. What is the hundreds digit of c?
2
Suppose -19148*z = -19163*z + 80115. What is the tens digit of z?
4
Suppose m - 2*k - 17 = 0, 2*m - 2*k + 6*k = 10. Suppose -3*j = 4*c - 1455, 6*j + c = m*j - 2402. What is the units digit of j?
1
Let w be (-105 - -95)*3/((-30)/28). What is the hundreds digit of 4/(-3)*(-9450)/w?
4
Let r = -2 - -8. What is the tens digit of (-4 + r)*388/8?
9
Suppose -4*t + 4*t = -16*t + 1061360. What is the thousands digit of t?
6
Suppose 0 = -4*t, f + 4*t - 15408 = -3*f. Suppose -f = -7*q + 117. What is the tens digit of q?
6
Let x(q) = -q**3 + 20*q**2 - 10*q - 16. Let y(i) = -2*i**2 + 19*i - 37. Let r be y(5). What is the tens digit of x(r)?
7
Let b(w) = w**3 + 7*w**2 + 2*w + 20. Suppose -k = 3*z + 21, 0*z = z - 4*k + 7. Let r be b(z). Suppose 1500 = -r*q + 18*q. What is the hundreds digit of q?
1
Suppose 4*p - 41 = -6*l + l, 5*l = -p + 29. Suppose -4*o - 307 = -l*o. What is the hundreds digit of o?
3
Let p = -985 - -1563. Let g = p - 378. What is the units digit of g?
0
Let p(a) = a**3 - 31*a**2 - 39*a + 80. Let f be p(32). What is the hundreds digit of (-9)/f*11464 + 1/(-2)?
7
Suppose -5*d = -v + 3317, -109*d = v - 110*d - 3325. What is the tens digit of v?
2
Suppose 22772 = 16*g + 5060. Let w = g - 482. What is the units digit of w?
5
Suppose 2711 = -5*x + 2741. Let q(v) = 31*v**2 - 8*v + 48. What is the units digit of q(x)?
6
Suppose 0 = 5*f - 4*v + 9 - 1, 0 = 2*f + 2*v - 4. Suppose -4*o + 4*s + 2842 = -2*o, -2*o - 5*s + 2878 = f. What is the units digit of o?
9
Suppose 193 = -3*j + 724. Suppose 0 = s - 1, -t + j + 252 = 3*s. What is the tens digit of t?
2
Suppose 6286 = t + 5*m - 242, 0 = -t - 4*m + 6528. What is the units digit of t?
8
Let g = 29644 + 2094. What is the thousands digit of g?
1
Suppose -483135 = -171*c + 78*c. What is the hundreds digit of c?
1
Let x(q) = -2*q**2 + 13*q - 9. Let r be x(5). What is the units digit of 3/r - (-995)/10?
0
Let g(m) = 1421*m - 7931. What is the ten thousands digit of g(16)?
1
Suppose -2*l + 3*l + 63 = 2*d, 0 = -5*l - 2*d - 375. Let x = l + 75. Suppose p = 2*n - 67, -8 = x*p + 2. What is the units digit of n?
1
Suppose -30*s + 34753 + 127457 = 0. What is the thousands digit of s?
5
Let j be -4*((-4)/6)/(72/(-243)). Let i = j - -10. What is the hundreds digit of (1834/28)/(i/2)?
1
Let v(t) = t**2 - 658*t + 86084. What is the tens digit of v(0)?
8
Suppose 380*d - 2901837 - 25691981 = -3770318. What is the tens digit of d?
2
Suppose 3*c - 4 = -v, 2*v + 19 = 3*c - 0*v. Let k be (((-3)/(-6))/1)/(c/90). Suppose k*j - 912 = 7*j. What is the tens digit of j?
1
Suppose 0 = 13*n - 4846 - 81. Suppose 13*t - n = 10619. What is the hundreds digit of t?
8
Suppose -4*n - n + 5 = 0, -2*n + 3869 = 3*h. Let j = 2136 - h. What is the hundreds digit of j?
8
Let j = -12 - -7. Let y(r) = -10*r + 6*r - 3 + 2*r**2 + 20*r + 4*r**2. What is the units digit of y(j)?
7
Let k be 3/1 + 1/(-1). Suppose 0 = k*u - 6*u - b + 687, -u = -3*b - 188. What is the tens digit of u?
7
Let q be 140 + (4 - (-20)/(-4)). Let y = q - -86. Suppose -3*j = -3*w + y, 383 = 4*w + 4*j + 123. What is the units digit of w?
0
Suppose -5*y = -4*d + 37588, 3*d + 186*y - 184*y - 28191 = 0. What is the hundreds digit of d?
3
Suppose 5*a - 105 = -45. Let r be ((-56)/a - -4)*6/4. What is the units digit of ((-1 - r)/(-4) - -3)*35?
5
Let w be (9/(-6) - 14/(-4)) + 1. Suppose t + 18 = -w*n, 5*t - 5 = 4*n - 0. What is the units digit of n/(-15) + 303/9?
4
Suppose 5*r - 1335 = t, r + 3*r = -3*t - 4005. Let s = 2137 + t. What is the units digit of s?
2
What is the hundreds digit of ((-484)/(-22) + -32)*(-2832 - 0)?
3
Let w(q) be the second derivative of q**5/20 - 23*q**4/12 + 5*q**3/6 - 28*q**2 + 104*q. What is the hundreds digit of w(24)?
6
Let i = 10249 + -3060. What is the hundreds digit of i?
1
Suppose -f = -3*o - 113, -5*f + o = -547 - 32. Suppose 2*b - 72 = r + 29, -4*r + f = 2*b. What is the units digit of 14*(b/8 + -4)?
5
Let a = 40 - 35. Suppose a*z = r + 144 + 8, -5*z = -2*r - 149. Suppose -29*h + z*h = 50. What is the tens digit of h?
2
Suppose 0 = -t + 7 + 2. Suppose -3*x - 3*q = 2*x - t, -3*q + 9 = -2*x. Let b(n) = 2*n**2 + 114. What is the units digit of b(x)?
4
Let n(f) = f**3 + 6*f**2. Let z be n(-6). Let p be 1/(510/72 - 7). Suppose -3*r + p = z, 0 = h + 2*h - r - 317. What is the tens digit of h?
0
Let j = -9863 - -36090. What is the hundreds digit of j?
2
Suppose -4*c + 16 = 0, -2*g + 5*c = 4*c + 2. What is the tens digit of (232/10)/(-1*g/(-5))?
1
Suppose 0 = -6*x + 12 - 0. Suppose -3*p + 7 = m, -x - 2 = 5*m + 2*p. What is the units digit of (-1)/((-1)/(-350)*m) - 2?
3
What is the hundreds digit of (-539*(-21)/(-42))/(2/(-116))?
6
Suppose -5*v + 154 = -5*b - 6, -2*v - 5*b = -29. Let d = -4 + 8. Suppose o - d*o = -v. What is the units digit of o?
9
Let m(z) = -z**3 + 23*z**2 + 26*z + 20. What is the units digit of m(-19)?
8
Let q(p) = -71*p**3 - 6*p**2 + 7*p + 54. What is the hundreds digit of q(-5)?
7
Suppose 36*g - 14*g - 132 = 0. Let v(q) = 76*q - 134. What is the tens digit of v(g)?
2
Let y be (1/(-2))/(15/(-14790)). Suppose 0 = -4*k + 179 + y. What is the tens digit of k?
6
Let t(y) = -73*y + 2097. What is the hundreds digit of t(-57)?
2
Suppose k = -a + 1, 5*k - 5*a + 0*a = -5. Suppose 3*m + 3*i - 27 = k, m - 3*m = i - 13. What is the units digit of m/(-3)*-31 + 3/(-9)?
1
Suppose -3*m - 4*s + 32 = 0, 2*s - 3*s - 15 = -5*m. Suppose 0 = -2*k + 2*h + 516, k - 1000 = -3*k - m*h. Let z = k - 146. What is the units digit of z?
8
Suppose p - u - 6 = 0, u + 38 - 11 = 4*p. Let m(c) = 8 + 3*c - p*c - 5*c + 5. What is the units digit of m(-6)?
7
Suppose 48 = 267*g - 263*g. Suppose g*l - 1314 = 2286. What is the tens digit of l?
0
Let m = 1369 - 658. Let y = m - -105. What is the tens digit of y?
1
Let w(l) = -l**2 - 3*l + 23. Let o be w(0). Suppose 0 = 26*b - o*b - 243. Let q = 114 - b. What is the tens digit of q?
3
Let l(s) = 2 - s + 4 - 7 + 2*s. Let d be l(7). Suppose d*v + 210 - 642 = 0. What is the units digit of v?
2
Suppose -2*d - 9*m + 8*m = -34772, d - 17371 = -3*m. What is the ten thousands digit of d?
1
Let u be 327*(-3)/(-5 + 2). Suppose -3*x = -3*j + u, 4*x - 9*x - 529 = 3*j. Let o = 152 + x. What is the tens digit of o?
4
Suppose -636209 = -32*s + 1061072 + 132671. What is the thousands digit of s?
7
Suppose -43*d + 117*d - 2456790 - 846792 = 0. What is the hundreds digit of d?
6
Let p be (-164)/12*(2 - 5). Suppose 5*j + p = -9. What is the tens digit of 2/j - (-4642)/110?
4
Suppose 0 = 4*l - 3 + 35. What is the thousands digit of -7 - l - (-3129)/3?
1
Suppose -33*x - 288 = -45*x. What is the hundreds digit of (1 + (-414)/(-4))/(x/144)?
6
Let p be (11*-4)/(13/3 + -5). Suppose 222 + p = 6*k. Suppose -15 = 3*f - k. What is the tens digit of f?
1
Suppose 13*f + 98*f - 3421055 + 1280087 = 0. What is the tens digit of f?
8
Suppose -32*i + 62780 = -28*i. What is the ten thousands digit of i?
1
Suppose 0 = -0*h - 2*h + 5*s + 5, -h - s = 1. Suppose 4*g + 4*m - 40 = h, g + g - m - 17 = 0. Suppose 2*l = g*l - 1771. What is the tens digit of l?
5
Suppose -8*k + 1365 = -8963. What is the thousands digit of k?
1
What is the tens digit of 45808/49*77/2?
9
Let q = -44 + -33. Let y = 77 + q. Suppose 243 = -y*i + i + 3*v, 3*v = 2*i - 441. What is the hundreds digit of i?
2
Let k = 3038 - -854. Suppose -13*c + k = c. What is the tens digit of c?
7
Let h = 26 - 31. Let f be (h - -2) + 4/2. Let p(b) = -20*b**3 + b**2 + 3*b + 2. What is the units digit of p(f)?
0
Let h(t) = -60*t**3 + 4*t**2 + 55*t + 128. What is the tens digit of h(-5)?
5
What is the units digit of (-7845)/(-1) - (-235 - -225)?
5
Suppose -2*y - 22*x + 39964 = -27*x, -3*y = 4*x - 59969. What is the hundreds digit of y?
9
Let v = -91 + 754. What is the tens digit of v?
6
Let c(t) = 7*t**3 + 2*t**2 - 1 - 5*t + 6*t**3 + 8*t**3 - 22*t**3. What is the hundreds digit of c(-6)?
3
Let z(x) = 8*x**2 + 13*x + 32. Suppose 207 + 33 = -40*p. What is the h